 is the greatest common factor of o and m?
2
Let u be (-100)/(-7) + 2/(-7). Let g be (-3)/(-6) + (-27)/(-4)*2. What is the highest common factor of u and g?
14
Let b = 63 + -36. What is the greatest common factor of 9 and b?
9
Let n(l) = -l**2 + 15*l - 1. Let c be n(13). Calculate the greatest common factor of 75 and c.
25
Let y be (2/4)/(2/28). Suppose 33 = 2*g - y. Calculate the highest common factor of 10 and g.
10
Let w be -3 - (-4 + 0 + 1). Suppose -f - 5*x + 6 + 22 = w, -2*f + 20 = x. Let i = f + -4. Calculate the highest common divisor of i and 16.
4
Suppose -2*q - 4*f + 48 + 58 = 0, 0 = 4*q + f - 219. Suppose j + 6 + 20 = 0. Let s = 48 + j. Calculate the highest common factor of s and q.
11
Let a(w) = w**3 + 8*w**2 + 4*w + 3. Let j be a(-3). Calculate the greatest common divisor of j and 4.
4
Suppose -302 = -4*d + 4*p - p, 364 = 5*d + 3*p. What is the greatest common divisor of 185 and d?
37
Let a = 125 - 75. Let s = a + -36. What is the greatest common divisor of s and 98?
14
Let y = 82 + -72. Calculate the greatest common divisor of y and 70.
10
Let q = 7 + -5. Suppose i + q - 7 = 0. Let n = i - 3. What is the highest common factor of n and 1?
1
Suppose 0 = -3*g + 54 - 261. Let d = g + 101. Let c = d + -23. What is the highest common factor of c and 9?
9
Let t = 102 - 7. What is the greatest common factor of t and 5?
5
Suppose q + 0*t = 2*t + 75, -384 = -5*q + t. Let d(x) = -x**2 + 5*x + 3. Let c be d(4). Suppose 35 = -2*r + c*r. What is the greatest common divisor of q and r?
7
Suppose -n - 1 = 0, 3*n = -4*c + 5*c - 6. Let o(y) = -4 - 2*y**3 + y**2 - 3*y + 5 + 3*y**3. Let j be o(c). Calculate the greatest common divisor of 14 and j.
14
Let b = -7 - -17. What is the highest common factor of b and 15?
5
Suppose 3*i + 0*i = 66. Suppose -5 = m - i. What is the highest common divisor of m and 17?
17
Let k be 6/2 + -3 + 20. Calculate the greatest common divisor of 80 and k.
20
Let p = 19 - -1. Suppose -2*r - 320 = -7*r - 4*k, 0 = 2*r - 2*k - 110. Calculate the greatest common factor of p and r.
20
Suppose 0 = 3*m - 2*s - 26, -7*s + 25 = -2*s. Suppose 0*w + 3*w - 324 = 0. What is the highest common divisor of m and w?
12
Suppose 0 = x + 10*x - 88. Suppose -3*p = 3*s + 2*p - 145, -5*s + 3*p = -185. What is the greatest common divisor of s and x?
8
Let r = 13 - -53. Calculate the highest common factor of 11 and r.
11
Let s(n) = n**3 - 3*n**2 - 5*n - 5. Let d be s(5). Calculate the greatest common divisor of 2 and d.
2
Let g be (1/(6/9))/((-6)/(-12)). Let r be 0/(-3) + (3 - 2). What is the greatest common factor of r and g?
1
Let p = -231 - -550. Calculate the greatest common divisor of p and 29.
29
Suppose -a - 67 = a - p, 4*a + 2*p + 138 = 0. Let y = a - -61. Let q be (36/(-10))/((-2)/10). What is the greatest common factor of q and y?
9
Let j be -2*6 - (-6 + 6). Let i = -5 - j. Calculate the greatest common divisor of 56 and i.
7
Let b = 9 + -7. Let x be 9/6 - (-3)/b. Calculate the highest common divisor of 1 and x.
1
Suppose 96 = 2*c + c. Let o be 1*(-2)/2*-2. Suppose 4*x - o - 14 = 0. Calculate the greatest common divisor of x and c.
4
Let s(w) = 20*w**3 + w - 1. Let j be s(1). Suppose -32 = -h + f + 2*f, 0 = -4*f - j. Calculate the highest common divisor of h and 17.
17
Suppose 4*a - 315 = -a. What is the highest common factor of a and 9?
9
Suppose 5*m + 61 - 266 = 0. Let t = 63 - m. Let z be 497/9 - (-6)/(-27). What is the greatest common factor of z and t?
11
Suppose -119 - 46 = -3*x. Suppose -3*d + 27 - 72 = -4*z, 5*z = 5*d + x. Suppose 0*l - 2*l = -24. What is the highest common factor of l and z?
12
Let h be 1 + -2 + 75/5. Calculate the greatest common divisor of 14 and h.
14
Let s be (-78)/15*25/(-10). Calculate the highest common divisor of 117 and s.
13
Let q = 128 - 32. Suppose 96 + q = -3*c. Let x = -34 - c. Calculate the greatest common divisor of 6 and x.
6
Suppose 4*g - 3*l - 18 = 0, 3*g + 0*g - l = 11. Suppose 5*j = g*d - 6 - 52, 0 = -d - 2*j + 1. Calculate the highest common divisor of d and 55.
11
Suppose 2*w = w + 48. Let t be (-8)/(-6)*(-108)/(-2). What is the greatest common factor of w and t?
24
Let y(d) = 7*d + 25. Let v be y(-3). What is the greatest common factor of v and 16?
4
Suppose 2*v = -b + 6 + 3, 15 = -5*v + 5*b. Suppose -v*k + 4*k = -2*p + 712, 4*k - 1420 = -3*p. What is the greatest common divisor of 32 and k?
32
Let h(k) = 3*k**3 - 2*k**2 + 1. Let r be h(1). Calculate the greatest common divisor of r and 16.
2
Suppose 762 = 4*d + 258. Calculate the highest common divisor of d and 18.
18
Let m be ((-16)/3)/(7/(-21)). Calculate the highest common divisor of m and 24.
8
Let i be (2/(-3))/(2/(-18)). Let m be (-3)/i*(-2 - 0). Let u = 3 - m. What is the greatest common divisor of u and 5?
1
Suppose -2*o + 13 = 2*r - 31, -2*r + 2*o + 36 = 0. What is the highest common divisor of 50 and r?
10
Let b be ((-1)/2)/(2/388). Let u be (-6)/(-27) - b/9. What is the highest common factor of 121 and u?
11
Let b = -19 + 44. Let g(i) be the first derivative of -i**2/2 + 11*i - 1. Let h be g(6). Calculate the highest common factor of h and b.
5
Let a(q) = -q**3 + 3*q**2 + 2. Let p be a(2). Suppose -6*c = -3*c + 54. Let v = -12 - c. What is the greatest common divisor of v and p?
6
Suppose -180 = -3*j + 228. Calculate the highest common factor of 17 and j.
17
Let u = -33 - -20. Suppose -7*q + 2 = -124. Let r = u + q. What is the greatest common factor of 40 and r?
5
Suppose b - 4*p - 63 = p, 0 = -5*b - 4*p + 170. Calculate the greatest common factor of b and 342.
38
Suppose 3*q + 11 = -2*t, 3*t - 21 = -2*q + 5*q. Let a be t/9 + (-2370)/(-27). Suppose 0 = -o + 1 + 7. What is the greatest common divisor of o and a?
8
Suppose 3*l - 3*o - 3 = 0, -3*l + o = -0*l - 9. Suppose 9 = l*h - h. Let g be (4/10)/(h/15). What is the greatest common factor of 22 and g?
2
Suppose 3*g - 34 + 4 = 0. Let j(v) = v - 11. Let q be j(13). Calculate the highest common factor of g and q.
2
Let z = 275 - 57. Let i be ((-146)/(-6))/((-1)/6). Let h = z + i. Calculate the greatest common factor of 9 and h.
9
Let o(u) = -u**3 + 28. Let w be o(0). Calculate the greatest common factor of 4 and w.
4
Suppose b - 47 = -y, 4*b + 5*y - 67 = 3*b. Calculate the highest common divisor of b and 28.
14
Let v = -11 - -14. What is the greatest common factor of 3 and v?
3
Suppose 5*s + 2*p = 3*s + 18, s + 3*p - 19 = 0. Let b = -5 + 11. Suppose 3*l - 6 - b = 0. Calculate the greatest common factor of s and l.
4
Let m = 155 - 260. Suppose 2*x = -295 - 135. Let g = m - x. What is the greatest common factor of 10 and g?
10
Let m = 12 - 19. Let r = m - -11. Suppose h - f = 37, -r*h + h - 5*f + 135 = 0. What is the greatest common factor of 100 and h?
20
Suppose -14 = -3*x + 13. Let b = 9 - x. Suppose -3*i - 4*z + 188 = 0, b = z + 3 + 1. Calculate the greatest common divisor of i and 17.
17
Let l = 92 - 59. Let k(j) = 2*j - 14. Let b be k(8). Suppose 66 = s + b*s. What is the highest common factor of s and l?
11
Let d = -27 + 39. What is the highest common divisor of 8 and d?
4
Suppose -4*a + 3*a = -2. Let n(o) = o**3 + 13*o**2 - 2*o - 18. Let i be n(-13). What is the greatest common factor of a and i?
2
Let x(w) = -w**3 - 6*w**2 - 2*w - 2. Let b be x(-6). Let d be -4*(-1*4)/2. Suppose -2*c + d = -b. Calculate the greatest common factor of 9 and c.
9
Suppose 40 = 4*l - 3*l. Suppose z + z = l. Calculate the greatest common factor of z and 160.
20
Suppose 89 + 31 = 3*f. Let p be (-122)/6 - (-3)/9. Let s = p + 30. What is the highest common factor of s and f?
10
Let u be 2/((-4)/(-4)) - 1. Let v = 3 - u. Calculate the greatest common factor of 10 and v.
2
Suppose 10*t + 63 = 13*t. Calculate the greatest common divisor of t and 42.
21
Let n be 3/(1*9/12). Suppose 0 = 2*t, -2*t + 29 = 3*d - n. Let m = 126 + -71. Calculate the highest common divisor of m and d.
11
Suppose -55*g = -50*g - 65. Calculate the highest common divisor of g and 26.
13
Let q = 19 - 12. Suppose -4*h + q*h = 15. Suppose c = h*c - 32. What is the highest common factor of 56 and c?
8
Let n(s) be the third derivative of -s**6/120 + s**5/12 + s**4/4 + 7*s**3/6 + 3*s**2. Let w be n(6). Calculate the greatest common divisor of 14 and w.
7
Let g = -147 + 356. Let p(x) = -15*x + 2. Let m(n) = -7*n + 1. Let t(u) =